te?
True
Let f = 36 - -113. Is f a composite number?
False
Is 3*1052/24*(4 - 2) composite?
False
Let f(u) = -226*u - 49. Is f(-11) a composite number?
False
Let r be 0/(-1) + -2 + 2. Let z = r - 0. Suppose z*s + s = 9. Is s composite?
True
Let s(o) = o**2 + 2*o - 1. Is s(5) a prime number?
False
Let l be 8416/36 + (-4)/(-18). Let g = l - 94. Suppose 3*k - g = 7. Is k prime?
False
Let p = 172 - 100. Suppose 0 = -m - 5, a - 2*a + p = -5*m. Is a a composite number?
False
Let d(y) = y**2 + 6*y + 2. Let n be d(-4). Let q be (184/n)/(5/15). Let w = -53 - q. Is w composite?
True
Suppose -4 = 3*h + t + 8, 0 = -h + t - 4. Is h*((-70)/8)/1 a composite number?
True
Suppose -3*h - 2*h + 125 = 0. Let d be (8/3)/(12/18). Suppose a + d = h. Is a a prime number?
False
Suppose -3*q + 3*c = 90, 2*q - 3*c - 50 = 4*q. Let f = q + 49. Is f a composite number?
True
Let u = 663 - 326. Is u composite?
False
Let d = -66 + 175. Is d a prime number?
True
Let p(t) = t**3 - 11*t**2 - 4*t + 10. Is p(12) a prime number?
False
Let s be 1 - (1 + -1 + -1). Suppose 5 = s*x - 1. Suppose 0*p = x*k - p - 197, -5*k - 3*p + 319 = 0. Is k a composite number?
True
Let m(k) = -k**3 + 7*k**2 - 6*k + 5. Let s be m(6). Let b(w) = 12*w - 7. Is b(s) a prime number?
True
Suppose 0*d + c + 222 = 5*d, -5*d + 210 = 5*c. Let b = -21 + d. Is b prime?
True
Let m(n) = 50*n**2. Let w be m(-1). Suppose -3*l + 7*l = 3*x + 144, -2*l - 4*x + w = 0. Is l composite?
True
Suppose 2*d + 2*d = 64. Suppose -74 = -3*r - 2*j, -5*j + 0*j = -r + 36. Suppose -3*u + d = -r. Is u a composite number?
True
Let l(k) = -k**2 - 10*k + 4. Let f be l(-9). Is f - 2/6*0 prime?
True
Let c(b) = b**3 + 12*b**2 - 3*b + 23. Is c(-10) prime?
False
Is (430/(-4))/(1/(-2)) a composite number?
True
Let b = -396 + 727. Is b composite?
False
Suppose 2*j - 8 = -28. Let i = j + 41. Is i a composite number?
False
Suppose -3*a - a = 632. Let y = -75 - a. Is y prime?
True
Let p(h) = -h**3 + 6*h**2 + h - 5. Let s be p(6). Is (s/(-3))/(5/(-3765)) a prime number?
True
Let g = 7 + -9. Is (0 + g)/(2/(-34)) a composite number?
True
Let d = 3079 + -1556. Is d a composite number?
False
Let l(u) = 2 - 5 - 6*u**2 + 5*u**2 - 14*u + 0. Is l(-7) composite?
True
Let y = 448 + -70. Suppose -114 = 4*m - y. Is m/4*28/6 composite?
True
Is (12 - -480) + 1 + -2 prime?
True
Let d = 12 + -18. Let i be (4/(-2))/(d/(-4353)). Is i/(-9) - (-2)/(-9) a prime number?
False
Suppose b = 5*l + 256, 0 = -2*b - 3*l + 34 + 517. Let f = b - 0. Is f a composite number?
False
Let n(o) = 4*o**3 + 3*o**2 - 4. Is n(5) composite?
False
Let x be (-1 - 1) + 0 - -4. Is (x - -3558)/4 + -3 a prime number?
True
Let a(j) = 0 + 0 + 3*j - 2. Let s be a(2). Suppose 3*c = -c + 4*v + 128, 4*v + s = 0. Is c prime?
True
Suppose 2 = 4*n - 2. Let k(f) be the second derivative of 4*f**4 + f**3/6 + f. Is k(n) a prime number?
False
Let c = -10 + -8. Let i(y) = 6*y**2 + 1. Let p be i(-2). Let a = p + c. Is a a composite number?
False
Suppose q - 66 + 11 = 0. Is q prime?
False
Let o(f) = f**3 - 3*f**2 - 2*f - 5. Let c be o(4). Suppose 2*y + c = 3*y. Suppose s - y*s = -178. Is s a composite number?
False
Let w be (-6)/4*(2 + -4). Suppose 0 = -w*b - b + 452. Is b a composite number?
False
Let s(c) = 2*c**3 - 8*c**2 - 4*c - 1. Let w(a) = -a**3 + a - 1. Let d(k) = s(k) + 3*w(k). Let y be d(-8). Suppose 11 = 4*h + 3, y*h = -q + 43. Is q prime?
False
Suppose -5*k - c = -1466, -814 - 69 = -3*k - 4*c. Is k a composite number?
False
Let m(h) = -h**2 - 2*h - 3. Let q be m(-3). Let y(u) = u**2 + u - 2. Let i be y(-3). Let f = i - q. Is f prime?
False
Let v = 285 - 188. Is v composite?
False
Suppose -4 = a + f, -4*f - 6 - 10 = 3*a. Suppose -5*n + 50 = -a. Is n a prime number?
False
Let m = 647 + -453. Is m a prime number?
False
Suppose 1 = 2*y + 3. Is ((-3)/(-3))/(y/(-67)) a prime number?
True
Suppose 3*v - p - 126 = 202, 0 = 3*v - 2*p - 329. Is v a composite number?
False
Let d = 423 - -148. Is d composite?
False
Let j(i) = -88*i + 17. Is j(-9) composite?
False
Let a be -1 + (3 - 4) + -26. Let x be (-176)/a - (-2)/(-7). Is 136/x + 4/12 a prime number?
True
Suppose 2 = 2*g - 4. Let r(y) = y**2 + 6*y - 6. Let b be r(-7). Suppose 254 = g*a - b. Is a prime?
False
Let h = 13417 + -9428. Is h composite?
False
Is 1/(4/(-1048)*-2) composite?
False
Let w(q) = -q**3 + 7*q**2 - 5*q - 5. Let r be w(6). Is 18*(0 + r) + -3 a composite number?
True
Let t be 3/(-2)*(-28)/3. Let j be (-4)/t - (-415)/7. Suppose 2*p - 7 = j. Is p prime?
False
Let c = 872 - 519. Is c prime?
True
Let c(a) = 10*a - 6*a**2 - 4*a**2 + 2*a**2 + a**3. Let s(l) = l**2 - 2*l - 1. Let b be s(4). Is c(b) a composite number?
True
Let j be (0 - 3)/((-6)/52). Let l = 111 - j. Is l a composite number?
True
Is ((-14)/28)/(2/(-76)) a prime number?
True
Let y = 14 + -9. Suppose -4*v + x = -14, v - 1 + 8 = -y*x. Suppose v*q = f - 20, 4*f - 2 = 3*q + 96. Is f composite?
True
Let w(b) = -8*b - 6. Let k be w(-6). Is 3 + 5 + -3 + k a prime number?
True
Suppose -2*i - 1146 = -5*i. Suppose -35 + i = 5*m - 4*p, 0 = 2*m - 4*p - 146. Is m a composite number?
False
Suppose -5*g = 3*g. Suppose 4*s - 3*j - 120 = -7*j, -128 = -4*s - 2*j. Suppose g = -5*p - 3*r + 137, -2*p + 3*r + s = -r. Is p a prime number?
False
Let q(d) = d + 3. Let f be q(-3). Suppose f = -2*v - 3*v + 255. Is v composite?
True
Let q = -10 + 10. Let r be 3 + (0 - -1)*0. Is (q - 1)*(-34 + r) a prime number?
True
Let g be ((-2)/3)/(10/(-795)). Suppose 2*j - 3*j = -g. Is j a composite number?
False
Let z(b) = 16*b**2 - b - 8. Is z(7) a prime number?
True
Let c(o) be the third derivative of 0*o + 1/30*o**5 + 5/12*o**4 + 0 - 2*o**2 + 7/6*o**3. Is c(-8) a composite number?
True
Suppose 0 = -2*m + 2*j - 14, 5*m + 35 = 2*j - 12. Is m*(-2)/(-4)*-6 prime?
False
Let i be (-2 + 2)/((-3)/(-1)). Suppose 3*z + 2*h - 573 = -i*z, -2*h - 382 = -2*z. Is z a composite number?
False
Let w(y) = -1 - 1 - y**2 - 5*y + 4. Let l be w(4). Let r = 1 - l. Is r composite?
True
Let v = 49 - -8. Let t = -20 + v. Is t a composite number?
False
Suppose 4*u - 4*x + 2*x - 10 = 0, -2*u + 2*x + 4 = 0. Let y be 2/(-6) + 10/u. Suppose w - y*g = -12, w + 5*g = 4*w + 16. Is w a prime number?
True
Suppose -3*a - 24 = -2*k - 517, -317 = -2*a - k. Is a prime?
False
Let l = 2 + 1. Suppose s + 2*t - 54 = -0*s, 107 = 2*s + l*t. Suppose 0 = -k - k - 2*f + s, -5*k + 122 = -3*f. Is k a prime number?
False
Is (-4)/(-14) - 5157/(-7) a prime number?
False
Suppose 4*d + 20 = 3*u, 5*d + 25 = 2*u - 0*d. Suppose u = -0*s + 3*s + l - 30, 5*s - 50 = l. Is s a prime number?
False
Let v(j) be the first derivative of 233*j**4/2 - j**3/3 + 3*j**2/2 - j - 8. Is v(1) composite?
False
Let t be 6/(-8) + 570/24. Let s = 69 - t. Is s a prime number?
False
Let h(w) = -w**2 + 8*w + 4. Let v be h(8). Is (-11)/(-3 + v/2) a prime number?
True
Suppose 7*r = 9*r - 606. Is r prime?
False
Let n = 408 + -151. Is n composite?
False
Let w(l) = 6*l**2 + 4*l - 20. Is w(9) a composite number?
True
Let t(f) = -f**2 - f + 111. Suppose 3*a - 2*i = 2*i + 16, -4*a = -i - 4. Is t(a) composite?
True
Suppose r - g = 4 - 2, -r - g = -2. Suppose -t + 5*t + 127 = 5*d, 106 = 5*d + 3*t. Is 1/(-2) + d/r composite?
False
Is 1615/5 - -3 - 3 a composite number?
True
Let c(b) = b - 3. Let s be c(7). Suppose 0 = 2*w + a - 2 + 1, 0 = s*w - 4*a - 8. Let g(t) = 33*t**3. Is g(w) a composite number?
True
Let h = 2 - -3. Suppose 0 = -5*f - 2*i + 175 + 559, -h*f + 2*i = -726. Suppose -2*s = -5*v + 751, s + f = v + 2*s. Is v a composite number?
False
Let o = -29 - -49. Suppose -67 = -z + o. Is z a composite number?
True
Let p(b) = 96*b + 11. Is p(6) a composite number?
False
Is (-207)/(-3)*(-113)/(-3) composite?
True
Suppose -5*k + 2*k + 2*y + 26 = 0, -2*k + 2*y = -20. Is k composite?
True
Let g = -135 + 75. Let y be 16*5/(g/63). Is (y - -1)*1/(-1) a prime number?
True
Suppose -96 = -3*n + 3*z - 2*z, -2*z - 27 = -n. Is n a prime number?
False
Is 20621/34*(-1 + 1 - -2) a prime number?
True
Let k(v) = v**2 - 3*v. Let l = 2 - -1. Let u be k(l). Suppose u = 5*w + 3*p - 450, 2*w - 174 = 2*p - 10. Is w composite?
True
Let c be -2 - (-9)/(-2*4/(-232)). Let v = -30 + 54. Suppose v - c = -5*n. Is n prime?
True
Let a = 2027 - 1086. Is a prime?
True
Let i(l) = l**3 + l**2 - l - 1. Let q(f) = -5*f**3 - 15*f**2 + 5*f + 16. Let o